{"id":374,"date":"2022-12-30T11:52:29","date_gmt":"2022-12-30T10:52:29","guid":{"rendered":"https:\/\/www.bip.m-ok.pl\/?page_id=374"},"modified":"2022-12-30T11:52:29","modified_gmt":"2022-12-30T10:52:29","slug":"polityka-prywatnosci-ciasteczka-cookies","status":"publish","type":"page","link":"https:\/\/www.bip.m-ok.pl\/?page_id=374","title":{"rendered":"Polityka prywatno\u015bci &#8211; ciasteczka cookies"},"content":{"rendered":"\n<p><strong>Polityka prywatno\u015bci<\/strong><\/p>\n\n\n\n<p><strong>Jakie pliki cookies wykorzystujemy<\/strong><\/p>\n\n\n\n<p>Na naszej stronie internetowej u\u017cywamy plik\u00f3w cookies, kt\u00f3re zawieraj\u0105 informacj\u0119 pozwalaj\u0105ce nam dostosowa\u0107 tre\u015bci do twoich potrzeb, usprawni\u0107 dzia\u0142anie naszej strony internetowej oraz analizowa\u0107 ruch na naszej stronie internetowej.<\/p>\n\n\n\n<p>W szczeg\u00f3lno\u015bci stosujemy pliki cookies na naszej stronie internetowej w celu:<\/p>\n\n\n\n<ul>\n<li>zapewnienia prawid\u0142owego dzia\u0142ania wybranych funkcji strony internetowej,<\/li>\n\n\n\n<li>optymalizacji strony (tj. dostosowania jej wygl\u0105du do najpopularniejszych urz\u0105dze\u0144),<\/li>\n\n\n\n<li>zapewnienia r\u00f3wnomiernego obci\u0105\u017cenia serwer\u00f3w,<\/li>\n\n\n\n<li>zapobie\u017ceniu wielokrotnej prezentacji temu samemu u\u017cytkownikowi komunikatu informuj\u0105cego o wykorzystywaniu plik\u00f3w cookies przez stron\u0119,<\/li>\n\n\n\n<li>administrowania strony internetowej,<\/li>\n\n\n\n<li>zapobiegania oszustwom i poprawienia bezpiecze\u0144stwa strony internetowej,<\/li>\n\n\n\n<li>przedstawienia oferty kulturalnej, kt\u00f3re mog\u0105 by\u0107 szczeg\u00f3lnie interesuj\u0105ce dla okre\u015blonych u\u017cytkownik\u00f3w.<\/li>\n<\/ul>\n\n\n\n<p><strong>Co to s\u0105 pliki cookies ?<\/strong><\/p>\n\n\n\n<p>Pliki cookies (tak zwane \u201eciasteczka\u201d) s\u0105 to dane informatyczne, mi\u0119dzy innymi pliki tekstowe, kt\u00f3re przegl\u0105darka internetowa mo\u017ce wysy\u0142a\u0107 do serwera przy ka\u017cdorazowym odwiedzeniu naszej strony internetowej, i kt\u00f3re przechowywane s\u0105 w urz\u0105dzeniu ko\u0144cowym u\u017cytkownika.<\/p>\n\n\n\n<p>Pliki cookies zawieraj\u0105 mi\u0119dzy innymi takie dane jak:<\/p>\n\n\n\n<ul>\n<li>nazw\u0119 strony internetowej, z kt\u00f3rej pochodz\u0105,<\/li>\n\n\n\n<li>czas przechowywania ich na urz\u0105dzeniu ko\u0144cowym u\u017cytkownika oraz unikalny numer, kt\u00f3ry zosta\u0142 wygenerowany w celu identyfikacji przegl\u0105darki internetowej, z kt\u00f3rej korzystasz, by po\u0142\u0105czy\u0107 si\u0119 ze stron\u0105 internetow\u0105.<\/li>\n<\/ul>\n\n\n\n<p>W plikach cookies cz\u0119sto przechowuje si\u0119 informacje, kt\u00f3re s\u0105 niezb\u0119dne do prawid\u0142owego dzia\u0142ania strony internetowej. Pliki cookies mog\u0105 przechowywa\u0107 r\u00f3wnie\u017c unikalny numer identyfikuj\u0105cy urz\u0105dzenie ko\u0144cowe u\u017cytkownika, lecz na jego podstawie nie jest mo\u017cliwe ustalenie to\u017csamo\u015bci u\u017cytkownika.<\/p>\n\n\n\n<p>Wi\u0119cej szczeg\u00f3\u0142\u00f3w na temat plik\u00f3w cookies mo\u017cesz uzyska\u0107 odwiedzaj\u0105c mi\u0119dzy innymi strony internetowe pod adresem: wszystkoociasteczkach.pl, youronlinechoices.com lub w menu swojej przegl\u0105darki internetowej w sekcji \u201epomoc\u201d.<\/p>\n\n\n\n<p><strong>Jakich plik\u00f3w cookies u\u017cywamy ?<\/strong><\/p>\n\n\n\n<p>Na naszej stronie internetowej stosujemy pliki cookies:<\/p>\n\n\n\n<ul>\n<li>\u201esta\u0142e\u201d \u2013 pozostaj\u0105 na urz\u0105dzeniu u\u017cytkownika tak d\u0142ugo, jak d\u0142ugo ustawiona jest ich \u017cywotno\u015b\u0107 lub do momentu ich r\u0119cznego usuni\u0119cia. Umo\u017cliwiaj\u0105 mi\u0119dzy innymi okre\u015blenie kt\u00f3rzy u\u017cytkownicy s\u0105 nowi, a kt\u00f3rzy powracaj\u0105 na stron\u0119,<\/li>\n\n\n\n<li>\u201esesyjne\u201d \u2013 s\u0105 plikami tymczasowymi przechowywanymi w pami\u0119ci przegl\u0105darki. Pozostaj\u0105 na urz\u0105dzeniu do czasu opuszczenia strony. Umo\u017cliwiaj\u0105 mi\u0119dzy innymi okre\u015blenie czy dane powinny by\u0107 zbierane na poczet obecnej wizyty, czy rozpocz\u0105\u0107 \u015bledzenie nowej.<\/li>\n<\/ul>\n\n\n\n<p><strong>Co mo\u017cesz zrobi\u0107 aby zmieni\u0107 ustawienia plik\u00f3w cookies.<\/strong><\/p>\n\n\n\n<p>Je\u017celi nie wyra\u017casz zgody na korzystanie przez nas z plik\u00f3w cookies albo chcesz ograniczy\u0107 zakres korzystania z plik\u00f3w cookies, mo\u017cesz zrezygnowa\u0107 z korzystania z naszej strony internetowej lub zmieni\u0107 ustawienia swojej przegl\u0105darki internetowej.<\/p>\n\n\n\n<p>Mo\u017cesz w ka\u017cdym czasie dokona\u0107 zmiany ustawie\u0144 przegl\u0105darki internetowej w zakresie plik\u00f3w cookies, w szczeg\u00f3lno\u015bci zablokowa\u0107 automatyczn\u0105 obs\u0142ug\u0119 plik\u00f3w cookies (w ca\u0142o\u015bci lub w cz\u0119\u015bci).<\/p>\n\n\n\n<p>Musisz pami\u0119ta\u0107, \u017ce ograniczenie lub wy\u0142\u0105cznie stosowanych przez nas plik\u00f3w cookies mo\u017ce wp\u0142yn\u0105\u0107 na niekt\u00f3re funkcjonalno\u015bci, kt\u00f3re s\u0105 dost\u0119pne na naszej stronie internetowej.<\/p>\n\n\n\n<p>Wi\u0119cej szczeg\u00f3\u0142\u00f3w na temat mo\u017cliwo\u015bci zmiany ustawie\u0144 plik\u00f3w cookies mo\u017cesz uzyska\u0107 w menu swojej przegl\u0105darki internetowej w sekcji \u201epomoc\u201d. Szczeg\u00f3\u0142owe informacje mo\u017cesz uzyska\u0107 odwiedzaj\u0105c na przyk\u0142ad poni\u017csze strony:<\/p>\n\n\n\n<p>Mozilla: <a href=\"https:\/\/support.mozilla.org\/pl\/kb\/usuwanie-ciasteczek\">https:\/\/support.mozilla.org\/pl\/kb\/usuwanie-ciasteczek<\/a><br>Chrome: <a href=\"https:\/\/support.google.com\/chrome\/answer\/95647?hl=pl\">https:\/\/support.google.com\/chrome\/answer\/95647?hl=pl<\/a><br>Internet Explorer: <a href=\"https:\/\/support.microsoft.com\/pl-pl\/help\/17442\/windows-internet-explorer-delete-manage-cookies#ie=ie-11\">https:\/\/support.microsoft.com\/pl-pl\/help\/17442\/windows-internet-explorer-delete-manage-cookies#ie=ie-11<\/a>&nbsp;<br>Safari: <a href=\"https:\/\/support.apple.com\/pl-pl\/guide\/safari\/sfri11471\/mac\">https:\/\/support.apple.com\/pl-pl\/guide\/safari\/sfri11471\/mac<\/a><br>Opera: <a href=\"https:\/\/help.opera.com\/pl\/latest\/web-preferences\/\">https:\/\/help.opera.com\/pl\/latest\/web-preferences\/<\/a><\/p>\n\n\n\n<p><strong>Bezpiecze\u0144stwo informacji<\/strong><\/p>\n\n\n\n<p>Bardzo powa\u017cnie traktujemy bezpiecze\u0144stwo danych. Dlatego dok\u0142adamy wszelkich stara\u0144, by chroni\u0107 nasz serwis przed nieuprawnionym dost\u0119pem os\u00f3b trzecich oraz kontrolujemy metody gromadzenia, przechowywania i przetwarzania informacji. Dost\u0119pu do danych udzielamy jedynie tym pracownikom i podmiotom, kt\u00f3rzy musz\u0105 mie\u0107 dost\u0119p do przetwarzania wdanych wy\u0142\u0105cznie w celach opisanych w polityce prywatno\u015bci.<\/p>\n","protected":false},"excerpt":{"rendered":"<p>Polityka prywatno\u015bci Jakie pliki cookies wykorzystujemy Na naszej stronie internetowej u\u017cywamy plik\u00f3w cookies, kt\u00f3re zawieraj\u0105 informacj\u0119 pozwalaj\u0105ce nam dostosowa\u0107 tre\u015bci do twoich potrzeb, usprawni\u0107 dzia\u0142anie naszej strony internetowej oraz analizowa\u0107 ruch na naszej stronie internetowej. W szczeg\u00f3lno\u015bci stosujemy pliki cookies na naszej stronie internetowej w celu: Co to s\u0105 pliki cookies ? Pliki cookies (tak [&hellip;]<\/p>\n","protected":false},"author":1,"featured_media":0,"parent":0,"menu_order":0,"comment_status":"closed","ping_status":"closed","template":"","meta":[],"_links":{"self":[{"href":"https:\/\/www.bip.m-ok.pl\/index.php?rest_route=\/wp\/v2\/pages\/374"}],"collection":[{"href":"https:\/\/www.bip.m-ok.pl\/index.php?rest_route=\/wp\/v2\/pages"}],"about":[{"href":"https:\/\/www.bip.m-ok.pl\/index.php?rest_route=\/wp\/v2\/types\/page"}],"author":[{"embeddable":true,"href":"https:\/\/www.bip.m-ok.pl\/index.php?rest_route=\/wp\/v2\/users\/1"}],"replies":[{"embeddable":true,"href":"https:\/\/www.bip.m-ok.pl\/index.php?rest_route=%2Fwp%2Fv2%2Fcomments&post=374"}],"version-history":[{"count":2,"href":"https:\/\/www.bip.m-ok.pl\/index.php?rest_route=\/wp\/v2\/pages\/374\/revisions"}],"predecessor-version":[{"id":376,"href":"https:\/\/www.bip.m-ok.pl\/index.php?rest_route=\/wp\/v2\/pages\/374\/revisions\/376"}],"wp:attachment":[{"href":"https:\/\/www.bip.m-ok.pl\/index.php?rest_route=%2Fwp%2Fv2%2Fmedia&parent=374"}],"curies":[{"name":"wp","href":"https:\/\/api.w.org\/{rel}","templated":true}]}}